ousands digit of m?
1
Let o(p) = -2*p**2 - 26*p + 1. Suppose -2*g = 4*i + i - 16, g - i = 1. Suppose -g*d + 2*b - 32 = 0, d = 3*d - 5*b + 14. What is the units digit of o(d)?
5
Let z(k) = 8*k + 6. Let b be ((-2)/4)/((10/(-16))/5). Let x be z(b). Suppose -x + 347 = 3*h. What is the hundreds digit of h?
1
Suppose -5*m = -3*j + 7980 + 843, 3*m = -2*j - 5290. Let b = m - -2855. What is the tens digit of b?
9
Let m(z) = -20*z + 44. Suppose -22*g - 144 = 274. What is the hundreds digit of m(g)?
4
Let v(f) = -7*f**3 + 10*f - 15. Let t be v(6). Let o = -827 - t. What is the hundreds digit of o?
6
Let g = 53 + -42. Suppose -25 = 6*c + g. What is the tens digit of (-1 + (-2)/(-6))/(c/2313)?
5
Let n(g) = -g**3 + 18*g**2 - 12*g - 13. Let d be n(17). Suppose 4*a + d = 13*a. What is the tens digit of (-94)/4*a/(-2)?
9
Let p be 6/(1 - 3) + 93. Suppose p = 3*s - 1362. Suppose -4*c + q = -s, -3*c + 2*q - 6*q + 363 = 0. What is the units digit of c?
1
Let y be (-15)/(-45) + 2 + 76/6. Suppose -2*h - k = -330, -3*h + 480 = 4*k - y. What is the hundreds digit of h?
1
Let q be (-16)/72 - 11/(-9). Let y(u) = 8*u - 192. Let t be y(24). Suppose -d + q = t, -3*f - 352 = -5*f - 4*d. What is the hundreds digit of f?
1
What is the thousands digit of 12/16*16594648/222?
6
Let z = 61313 + -35172. What is the thousands digit of z?
6
Suppose 0 = 5*w - 2*q - 10, 0 = w + 3*w - 5*q - 8. Suppose 3*o + 907 = 5*o + 3*m, -w*m = o - 451. What is the tens digit of o?
6
Suppose 5*j + 3647 = 29127. Suppose j = -0*k + 14*k. What is the tens digit of k?
6
Suppose 75549 + 72456 = 99*c. What is the tens digit of c?
9
Let x(h) = h**3 + 4*h**2 - 10*h + 7. Let v be x(-5). Let n(d) = 7 - 127*d + 56*d + v*d. What is the hundreds digit of n(-4)?
1
Suppose -3*u = 2*u + 10. Let z(a) = -3*a**2 - 2*a + 7*a + 2*a + 2 + 39*a**2. What is the tens digit of z(u)?
3
Suppose 332*t = 339*t - 1666. What is the units digit of 68/t - (1335/(-7) + -1)?
2
What is the ten thousands digit of ((-8909)/118)/(4686/1172 - 4)?
4
Let w = 1171 + -169. Suppose -2006 = -8*j + w. What is the hundreds digit of j?
3
Suppose 116*t = -361612 + 4080224. What is the thousands digit of t?
2
What is the hundreds digit of (-60)/42 + 2595642/147?
6
Suppose 51*s = 48*s + 240. Suppose -36*k = -32*k + s. What is the tens digit of 38/(1/k*-5)?
5
Suppose -k + 9 = -5*o + 14, -4*o = -2*k - 4. Suppose k = -40*y + 40286 - 9686. What is the tens digit of y?
6
Let a = -11899 - -19090. What is the hundreds digit of a?
1
Suppose 59*c + 4884 = o + 54*c, -6*o = 4*c - 29474. What is the thousands digit of o?
4
Let x be (12/(-33))/(-2) + (-1348350)/(-165). Suppose w - 13*w + x = 0. What is the units digit of w?
1
Suppose -49*h - 86*h - 89*h = -60*h. Let i(s) = -2*s**2 - s - 6. Let c(l) = l**2. Let k(p) = -c(p) - i(p). What is the units digit of k(h)?
6
Let q be 32/112 - 26/(-7). Suppose a - 5*h = 209, 0 = 2*a + 2*a - q*h - 868. Suppose -2*o + a = 5*p - o, -o + 47 = p. What is the tens digit of p?
4
Let y(v) = 12*v + 198. Let q be 96/(-44)*(-176)/32. What is the hundreds digit of y(q)?
3
Let r(z) = -38 + 13*z + 4*z + 18*z. Let w be r(-12). What is the tens digit of (16/40 + w/20)*-8?
8
Suppose v = -5*v + 18. Suppose v*i + 702 = 12*i. Suppose 3*x - 5*d - i = x, 16 = 4*d. What is the units digit of x?
9
Let d = 406 - 600. Let q = d + 356. What is the hundreds digit of q?
1
Suppose 19*p + 70718 = 38*p. What is the thousands digit of p?
3
Let y(z) = -47*z + 2*z + 25 + 66 + 4*z + z. What is the hundreds digit of y(-19)?
8
Let c(r) = 4078 - 2039 - 2031 + 200*r**2 - 2*r. What is the units digit of c(-2)?
2
Let l(y) be the second derivative of 9*y**5/20 + 3*y**2 + 16*y. Let i be l(-2). What is the units digit of (3 + -4)*i - 3?
3
Suppose 4*y - 26 = -2*t, 0 = 2*t + 3*y - 4*y - 21. Suppose 0 = t*m - 10*m - 4, 5*x - 3*m = 1908. What is the hundreds digit of x?
3
Suppose 0 = -14*l + 11*l - 3. What is the units digit of (-154)/(-6 - (l - 3))?
7
Suppose g + 12 = -2*g, 0 = 5*y + 2*g - 182. Suppose y = -7*k + 8*k. Let h = k - 11. What is the units digit of h?
7
Suppose 9 + 15 = 4*a. What is the hundreds digit of (44/(-5))/(a/(-195))?
2
Let c = -32185 - -63417. What is the ten thousands digit of c?
3
Suppose 5*g - 79055 = -28*g + 103699. What is the tens digit of g?
3
Suppose -7*i + 14*i = 56. Suppose -7*n = -i*n - 60. Let q = 155 + n. What is the units digit of q?
5
Let v = -4062 + 7558. What is the units digit of v?
6
Suppose 13*f + 1285 = -4552. Let i = f - -637. What is the hundreds digit of i?
1
Let q be (-20)/(-2) + (3 - 5). Suppose 0 = -4*i - p - 4177, 2*i + 2084 = p + 3*p. What is the units digit of i/(-24)*q/6?
8
Suppose 21*a - 34*a + 949 = 0. Suppose -1861 = -6*b - a. What is the tens digit of b?
9
Let k = -43 + 63. Let l = k + -17. Suppose 3*b + l*r - 240 = 0, 0 = 3*b - 3*r - 262 + 16. What is the tens digit of b?
8
Let r(l) = -2*l**3 - 71*l**2 - 19*l - 71. What is the tens digit of r(-37)?
3
What is the units digit of (3 - 1 - (25 - 1))*(-54023)/178?
7
Suppose -p - 112 = -3*n - 0*n, -468 = 4*p - 2*n. Let f = p + 291. What is the units digit of f?
3
Let r = -827 - -378. Let u = 785 + r. What is the hundreds digit of u?
3
Let u = 9361 - 5345. Suppose 67*f - u = 63*f. What is the units digit of f?
4
Let v(f) be the third derivative of 19*f**4/24 + 37*f**3/6 - 19*f**2. Let k be v(-17). Let t = k - -441. What is the tens digit of t?
5
Let o(c) = 52*c**2 - 5*c + 18. Let s(b) = -26*b**2 + 3*b - 10. Let i(r) = 6*o(r) + 11*s(r). Let p be (-4)/(-7) - 10/(-7). What is the tens digit of i(p)?
0
Suppose -3*k + 700 = -5*i, -4*k - i = -410 - 485. Suppose 3*h - 7*l + 4*l - k = 0, -l = 4*h - 290. Suppose 76*n - 657 = h*n. What is the hundreds digit of n?
2
Suppose -z = 10 - 12. Let p be 10900/55 - z/11. Let s = 331 - p. What is the units digit of s?
3
Let d = -7674 - -12794. What is the thousands digit of d?
5
What is the tens digit of (12/(-14))/(-3) - 9872325/(-3451)?
6
Suppose 176 = x - 2*a + 5*a, x = -4*a + 175. Let s = x + -126. Let o = s + -45. What is the units digit of o?
8
Let w be (6/(-8))/(-3) + (-20040)/(-96). Let c = w + -107. What is the hundreds digit of 3/((-8)/(-804)*c + -1)?
2
Suppose -4*u = 4, -3*q = 2*u + 1 + 4. Let p be (-2)/(((-8)/4)/q) - 141. What is the units digit of (p/(-4))/(5/10)?
1
Suppose 6*f - 25 = f, k = f - 6. What is the hundreds digit of (121 - k) + 12/(-2)?
1
Let c(g) = 7*g**2 + 70*g - 2512. What is the ten thousands digit of c(58)?
2
Let t = 24739 + -15860. What is the tens digit of t?
7
Let z = 5504 + -840. What is the hundreds digit of z?
6
Let j(q) be the second derivative of 10*q**4/3 - 2*q**3/3 - 23*q**2/2 - 17*q + 1. What is the tens digit of j(-4)?
3
Let d(l) = -l - 25. Let x be d(3). What is the units digit of ((-171)/6)/(3/x)?
6
Suppose 5*a - 11 = -1. Let z(w) be the third derivative of 17*w**4/8 + w**3/3 + 21*w**2. What is the hundreds digit of z(a)?
1
Let m = 115 - 210. Let s = -91 - m. Suppose -5*h + p = -931, -h + 5*p - 581 = -s*h. What is the tens digit of h?
8
Let o = 180 - 179. What is the units digit of 433 - (-6 + o)/5?
4
Suppose -2*u + 30452 = -102*s + 100*s, -60916 = -4*u + s. What is the units digit of u?
0
Let k(q) = q**3 - 12*q**2 - 21*q - 7. Let d(h) = -h**3 - 2*h**2 + 1. Let b(v) = -2*d(v) - k(v). What is the tens digit of b(-9)?
8
Suppose 5*u + 1452*w - 1451*w = -4, 5*u - 5*w + 40 = 0. Let o be 1*4*(-9)/(-2). What is the tens digit of u + 1886/o - (-16)/72?
0
Let b(z) = -4*z**2 - 9*z - 395. Let x(y) = -7*y**2 - 16*y - 789. Let a(h) = 5*b(h) - 3*x(h). What is the units digit of a(0)?
2
Let g = 74 + -38. Suppose -40*o + 24 = -g*o. Suppose -66 = -7*n + o*n. What is the tens digit of n?
6
Suppose 4*u - t - 3*t - 568 = 0, 0 = 4*u + 4*t - 584. Let q = 378 + u. Suppose 0*b + q = 9*b. What is the tens digit of b?
5
Suppose -20*b - 52*b - 20*b = -584752. What is the tens digit of b?
5
Let s = -2203 + 3358. Let k = s - 703. What is the tens digit of k?
5
Suppose t - r - 3*r - 111 = 0, 0 = -5*t - 4*r + 459. Let b be (3 - 1)/8 - t/(-20). Suppose b*y + 231 = 8*y. What is the units digit of y?
7
Suppose -595*r + 592*r = -4*x + 60949, -4*x + 60931 = 3*r. What is the tens digit of x?
3
Let l(o) = 120*o**2 + 273*o + 11. What is the tens digit of l(6)?
6
Suppose -32608 = 13*k - 17*k + 2*h, -5*k = -6*h - 40753. What is the un